de0e (base 16) to base 7
324506
Convert 260534 (base 7) to base 5.
3021130
5b2 (base 15) to base 12
8b8
201022 (base 4) to base 6
13454
What is 72610 (base 8) in base 2?
111010110001000
607 (base 15) to base 10
1357
13f (base 16) to base 3
102211
Convert 61505 (base 7) to base 5.
434444
Convert 8a13 (base 12) to base 5.
442104
Convert 23534 (base 6) to base 7.
13015
Convert -51155 (base 7) to base 11.
-9387
What is 2076 (base 10) in base 6?
13340
4021 (base 7) to base 6
10231
-111010101011111 (base 2) to base 5
-1430142
Convert 3233 (base 4) to base 5.
1424
Convert 5011 (base 7) to base 11.
1327
Convert 208 (base 12) to base 6.
1212
-b413 (base 12) to base 11
-137a8
What is 440420 (base 5) in base 13?
6b54
100102022 (base 3) to base 6
51442
237b (base 16) to base 2
10001101111011
Convert -224163 (base 7) to base 16.
-9bca
33355 (base 7) to base 9
12484
562 (base 9) to base 16
1cd
What is 43595 (base 11) in base 12?
30742
Convert 4304 (base 11) to base 7.
22410
556 (base 11) to base 12
476
Convert 2325 (base 11) to base 5.
44202
What is 4ad7 (base 16) in base 9?
28247
What is ba (base 12) in base 14?
a2
What is -1009 (base 16) in base 9?
-5561
309 (base 15) to base 3
221100
443622 (base 7) to base 5
10000141
What is -46564 (base 8) in base 13?
-9043
-15352 (base 6) to base 7
-10223
What is -135322 (base 6) in base 5?
-402431
What is -50 (base 7) in base 4?
-203
Convert -1301 (base 11) to base 7.
-4641
Convert -2317 (base 8) to base 3.
-1200121
What is -336b (base 13) in base 2?
-1110000010011
What is -10100 (base 4) in base 7?
-536
What is -1888 (base 14) in base 3?
-20002011
What is 450d (base 14) in base 7?
46616
4044 (base 6) to base 4
31330
What is 1766 (base 13) in base 5?
102324
Convert -13330 (base 4) to base 6.
-2204
What is -1306 (base 14) in base 2?
-110100001010
Convert -54a (base 14) to base 16.
-416
-488 (base 15) to base 3
-1102002
Convert 644 (base 10) to base 9.
785
Convert -1305010 (base 6) to base 14.
-1bc86
Convert -1111 (base 3) to base 9.
-44
25725 (base 11) to base 2
1000111111001011
-3e0 (base 16) to base 10
-992
What is -17 (base 16) in base 15?
-18
Convert 11511 (base 6) to base 14.
895
Convert 524 (base 7) to base 4.
10013
-456 (base 9) to base 14
-1cb
What is -14452 (base 7) in base 15?
-12c1
Convert -2201311 (base 4) to base 12.
-5bb1
86 (base 11) to base 3
10111
What is -25d (base 14) in base 6?
-2111
-23041 (base 5) to base 15
-74b
What is -54666 (base 8) in base 5?
-1213331
What is 335 (base 16) in base 11?
687
Convert -3242 (base 6) to base 15.
-34b
What is -22100 (base 4) in base 5?
-10111
What is 1350 (base 10) in base 5?
20400
What is -16564 (base 8) in base 3?
-101100021
What is 1098 (base 10) in base 2?
10001001010
Convert -d01 (base 14) to base 5.
-40144
Convert 211 (base 11) to base 14.
142
What is -534 (base 11) in base 4?
-22002
Convert -1898 (base 13) to base 4.
-321122
What is -144e (base 16) in base 10?
-5198
-41 (base 12) to base 3
-1211
What is -1b9 (base 15) in base 2?
-110001111
Convert 2152 (base 7) to base 4.
30010
110000011 (base 2) to base 16
183
Convert 43 (base 7) to base 10.
31
Convert -1635 (base 10) to base 7.
-4524
123531 (base 7) to base 12
11309
-3703 (base 11) to base 4
-1023223
What is -1103 (base 4) in base 9?
-102
What is -126 (base 12) in base 10?
-174
Convert 3043 (base 6) to base 10.
675
Convert 33432 (base 7) to base 3.
102121000
What is -43331 (base 5) in base 16?
-b96
Convert 4305 (base 6) to base 16.
3d1
-10234 (base 15) to base 9
-77114
Convert -1122 (base 8) to base 11.
-4a0
-dca2 (base 15) to base 6
-1000155
Convert -86770 (base 9) to base 10.
-57492
-13021000 (base 4) to base 3
-1111010021
What is 153a (base 13) in base 8?
6023
101101111 (base 2) to base 5
2432
-15753 (base 8) to base 16
-1beb
What is 88a (base 13) in base 16?
5ba
-10010 (base 3) to base 9
-103
-152154 (base 6) to base 12
-865a
23017 (base 8) to base 3
111100212
What is 1b17 (base 14) in base 8?
11471
What is -1212200000 (base 3) in base 12?
-19460
Convert -214414 (base 5) to base 13.
-3539
1244 (base 6) to base 12
224
Convert 3330 (base 5) to base 11.
393
-a15 (base 16) to base 5
-40311
3a (base 12) to base 11
42
2857 (base 9) to base 13
ca0
-5631 (base 9) to base 8
-10077
-1e62 (base 15) to base 2
-1100111011001
Convert 14540 (base 6) to base 3.
10020120
Convert -10101000011 (base 2) to base 12.
-943
Convert 2030310 (base 4) to base 13.
4143
What is 51504 (base 6) in base 8?
15340
Convert 200011 (base 3) to base 9.
604
Convert 10201 (base 5) to base 7.
1654
-285 (base 9) to base 10
-239
-36 (base 8) to base 4
-132
2033141 (base 5) to base 9
51013
Convert 11000010 (base 2) to base 9.
235
What is 10110111001000 (base 2) in base 14?
43b2
111101011110111 (base 2) to base 12
16273
What is -12310 (base 8) in base 7?
-21340
What is -437 (base 12) in base 15?
-2b4
-4786 (base 11) to base 5
-200030
Convert -53012 (base 6) to base 8.
-15740
Convert -1a9 (base 14) to base 16.
-159
1000011101 (base 2) to base 13
328
Convert -462 (base 11) to base 14.
-2b6
33242 (base 5) to base 14
bbc
Convert 341 (base 7) to base 8.
260
-746 (base 8) to base 11
-402
-1221031 (base 4) to base 6
-51101
What is 203123 (base 4) in base 2?
100011011011
Convert 324420 (base 5) to base 12.
6603
What is -9189 (base 10) in base 15?
-2ac9
What is 27db (base 14) in base 2?
1101110001101
Convert 5763 (base 9) to base 11.
3231
200201100 (base 3) to base 12
7a90
What is -8206 (base 11) in base 14?
-3d84
4b1d (base 14) to base 10
13159
Convert -3310 (base 6) to base 11.
-633
Convert 1042 (base 5) to base 15.
9c
-4023 (base 11) to base 2
-1010011100101
What is -42 (base 11) in base 13?
-37
-131210 (base 4) to base 11
-1470
Convert 10b5 (base 15) to base 6.
24225
What is 4533 (base 7) in base 6?
11333
Convert -21030132 (base 4) to base 8.
-111436
Convert -11917 (base 10) to base 9.
-17311
-2d7e (base 15) to base 11
-73a4
What is -18564 (base 12) in base 10?
-35356
318 (base 9) to base 14
148
What is -143 (base 15) in base 16?
-120
What is 867 (base 9) in base 2?
1011000101
Convert -487 (base 9) to base 8.
-623
What is -20040 (base 5) in base 16?
-4f6
Convert -1162 (base 9) to base 15.
-3cb
What is -13920 (base 12) in base 14?
-9cda
Convert -11057 (base 8) to base 14.
-19a7
What is 332303 (base 5) in base 3?
120212211
What is -1101011010010 (base 2) in base 5?
-204431
3353 (base 6) to base 7
2205
What is 100212001 (base 3) in base 16?
1c0f
What is -635 (base 10) in base 9?
-775
What is 1101110011001 (base 2) in base 15?
2160
What is 123103 (base 4) in base 5?
23442
What is 35150 (base 7) in base 16?
232a
Convert 21 (base 12) to base 2.
11001
Convert -19601 (base 10) to base 15.
-5c1b
What is -12424 (base 14) in base 5?
-2412340
-45c3 (base 15) to base 13
-6981
1627 (base 9) to base 14
648
What is 13321 (base 4) in base 13?
2cb
What is -13a32 (base 11) in base 14?
-735d
Convert 3b48 (base 12) to base 7.
25616
-2678 (base 11) to base 4
-312101
240143 (base 5) to base 16
225e
Convert -88 (base 9) to base 11.
-73
21742 (base 8) to base 15
2ac6
What is 68 (base 12) in base 10?
80
What is 7aaa (base 12) in base 4?
3111202
-1367a (base 11) to base 6
-230011
1015502 (base 6) to base 9
74452
What is -463 (base 7) in base 11?
-1aa
113362 (base 7) to base 4
10333030
-484 (base 15) to base 14
-532
1035241 (base 6) to base 11
3594a
What is 2191 (base 11) in base 10?
2883
-4301 (base 9) to base 12
-19b4
Convert 9a68 (base 11) to base 7.
53445
What is 33332 (base 5) in base 3?
10012202
What is 132a9 (base 11) in base 3?
222001112
e118 (base 15) to base 6
1003522
What is 63b (base 15) in base 5?
21111
-102 (base 10) to base 8
-146
Convert -225322 (base 7) to base 6.
-510314
What is -5545 (base 11) in base 8?
-16215
13413 (base 5) to base 7
3142
7ab (base 16) to base 5
30323
Convert 1a9 (base 16) to base 4.
12221
Convert -153 (base 7) to base 12.
-73
134033 (base 8) to base 12
23337
What is -38a3 (base 13) in base 11?
-6082
What is 111000011110101 (base 2) in base 15?
887c
Convert -102 (base 11) to base 3.
-11120
24590 (base 10) to base 15
7445
What is -189 (base 13) in base 14?
-162
What is -212a (base 12) in base 6?
-24454
2835 (base 10) to base 11
2148
-1042231 (base 5) to base 9
-27260
What is -2323 (base 7) in base 6?
-3534
Convert 1 (base 4) to base 16.
